= 3*m(d) + 4*p(d). Let y = 6 + -12. What is u(y)?
0
Let h = -4 - -3. Let q = h - -2. Let p(f) = f + 802 - 802. Give p(q).
1
Let p(y) = -y**2 + 4*y - 13 - 21*y + 6*y. Give p(-9).
5
Let m be 2*-2 - (22 - 21). Let x(d) = -1. Let w(p) = p + 6. Let g(c) = -w(c) - 3*x(c). Let z(f) = -3*f - 9. Let l(t) = -8*g(t) + 3*z(t). What is l(m)?
2
Let g(z) be the first derivative of z**5/120 - z**4/6 + 4*z**3/3 - 2. Let k(o) be the third derivative of g(o). What is k(3)?
-1
Let z be (2/5)/(2/20). Let t be z/(-14) + 27/21. Let m(u) = -8*u - 2*u + 2*u. What is m(t)?
-8
Let d = 12 - 11. Let i(n) = -3*n - 8*n + 7*n - d + n. Give i(-5).
14
Let j(z) be the second derivative of 13*z**4/12 - z**3/3 + z**2/2 - 2*z. Let b = 1 - 0. Calculate j(b).
12
Let q(i) = 6*i + 1. Let s(m) = -7*m - 1. Suppose -f + 4*f = 18. Let c(n) = f*q(n) + 5*s(n). Give c(0).
1
Let n(k) = -k - 1. Suppose -3*o + 10 = 5*l - 4*l, -2*l - 16 = -3*o. Suppose 1 - o = -3*b. Suppose -j = b - 2. Calculate n(j).
-2
Let n(y) = -y**3 + 5*y**2 + 5*y + 7. Suppose 58 = 8*m + 10. Give n(m).
1
Let y(l) be the third derivative of -l**5/60 - l**4/6 + 7*l**3/6 + 9*l**2. Give y(-5).
2
Let m(c) = -c**2 + 4*c - 2. Let v(o) = 1 + 4*o - 2*o - 3*o. Let g(d) = m(d) + 2*v(d). Determine g(4).
-8
Suppose -5*w = -4*r - 3, 5*r - 18 = -w - 0*w. Let h(z) = -2*z + 2. Give h(r).
-4
Let i(b) be the second derivative of -b**4/12 + 2*b**3/3 - 2*b. Let y(a) = 5*a**2 + a + 1. Let c be y(-1). Determine i(c).
-5
Let l = 12 - 7. Let u be 3/l - 342/45. Let c(d) = -2*d - 9. Determine c(u).
5
Let x(u) = -5*u - 31. Let s be x(-7). Let c(t) = -3*t + 4. What is c(s)?
-8
Let i(d) = 7*d**3 + d**2 + d. Let u be i(-1). Let z be (4/6)/(u/21). Let f(k) be the second derivative of -k**4/12 - k**3/2 - k**2/2 + k. Give f(z).
1
Let u(k) = k**3 - 12*k**2 + 11*k + 5. Let r be u(11). Suppose 0 = 6*q - r*q. Let c(g) = -g**2 + g. What is c(q)?
0
Suppose -5*q - 2*d = -0*d - 20, -4 = 3*q - 2*d. Let l(t) = -q*t + 0*t + t. Determine l(-6).
6
Let y = 16 - 13. Let k(m) = m - 1. Give k(y).
2
Let c(y) = -15*y + 3. Let l(m) = m**3 + 4*m**2 + 7. Let v be l(-5). Let k(g) = -g. Let i(r) = v*k(r) + c(r). Give i(-2).
-3
Suppose 4 = -5*i + 3*i. Let n(o) = 2*o**2 + 3*o + 3. Give n(i).
5
Suppose 3 + 9 = -2*m. Let t(a) be the third derivative of 1/60*a**5 + 1/3*a**4 + 0*a + 7*a**2 + 3/2*a**3 + 0. Calculate t(m).
-3
Let i be ((-6)/9)/((-6)/27). Let g(h) = 5*h**i - 8*h - 6*h**3 + 0*h**2 + 7*h**2. Determine g(6).
-12
Let r(z) = -5*z**2 - 7*z**2 + 0*z**2. What is r(1)?
-12
Let u(s) = s + 2. Suppose -5*c - 5 = 2*z + 6, -4*z - 5*c = 7. Suppose 4*n + 8 = -3*v + 2, 0 = -v - n - z. Determine u(v).
0
Let h(c) = 8*c + 18. Let y(v) = -v - 1. Let o(f) = h(f) + 6*y(f). What is o(-9)?
-6
Suppose 3*y + m - 8 = -3, -4*y = -5*m + 6. Let t(w) = -w**2 - 2*w - 1. Let p(a) = -a + 1. Let j(k) = y*t(k) + 3*p(k). What is j(-5)?
2
Let b(a) = -a**2 - 4*a + 1. Suppose -3*q - 3 = 0, -q - 6 = -9*n + 4*n. Suppose -p + 2*x = -x - 15, 2*p = -5*x - 14. Suppose p*i + 13 = n. What is b(i)?
1
Let o(g) = -13 + g**3 + 12 + 3*g**2 + g - 2*g**3. What is o(2)?
5
Suppose -2*o + o = -2*q + 6, 0 = 3*o + 6. Let y(n) be the first derivative of -1 + 7/2*n**q + 0*n. Give y(1).
7
Let k(y) = y**3 + 6*y**2 + y + 8. Let n be k(-6). Let a(d) be the second derivative of -2*d + 0 + d**n - 2/3*d**3 + 1/3*d**4 - 1/10*d**5. Calculate a(2).
-6
Let s = -16 + 9. Let q(h) = h**3 + 7*h**2 + h - 2. Calculate q(s).
-9
Let m(z) be the second derivative of z**5/20 - 5*z**4/12 - z**3 - 5*z**2/2 + 16*z. Give m(6).
-5
Suppose 18 = -3*l + 6*l. Let y(o) = -o**3 - 2 - 5*o + l - 4*o**2 + 4*o. Suppose 19 = -5*v + 4. Calculate y(v).
-2
Suppose 0*o + 6 = 3*o. Let x(d) = o - 28*d + 25*d - 1. Give x(-1).
4
Let c(a) be the third derivative of a**5/60 + 5*a**4/24 - a**3/3 - 26*a**2. Determine c(-6).
4
Let h(l) = 33*l**2 - 5 - 8*l - 2 - 34*l**2 + 2. Give h(-6).
7
Let u(p) be the first derivative of p**3/3 - p**2/2 + 2. Suppose -2*t = 18 + 18. Let i = -16 - t. Determine u(i).
2
Let n(d) be the first derivative of 3 - d**3 + 0*d - 1/2*d**2. Determine n(1).
-4
Let d be 2/1 + (1 - 1). Suppose 12 = -d*z - 0. Let l(s) be the third derivative of s**4/24 + 4*s**3/3 - 2*s**2. Calculate l(z).
2
Suppose 0*k + 24 = k + 4*y, 2*k - y = 12. Let a(i) = -i**3 + 8*i**2 + i - 3. Calculate a(k).
5
Let s = -1 + 2. Let c(o) be the first derivative of o**2 + 3. Calculate c(s).
2
Let n(w) = -8*w - 10. Let g(o) = 7*o + 10. Let s(b) = -6*g(b) - 5*n(b). Calculate s(-10).
10
Let q(n) = n - 4. Let o(k) = 3*k + 2*k**2 + 2 - 6*k - 1. Let v = 0 - -2. Let t be o(v). Determine q(t).
-1
Let m(p) = -8 - 6*p**2 + p**3 - 2*p**3 + 2*p + 2*p**3. Let g(t) = -t**3 + 6*t**2 + 6*t + 13. Let o be g(7). Determine m(o).
4
Let u(w) = w**2 + 4*w. Let a(h) = h**3 + 5*h**2 - 6*h - 4. Suppose s - 35 = -4*s. Suppose f + s = o, 4*o = -0*f - 4*f - 20. Let l be a(f). Calculate u(l).
0
Let j(p) = -1 + 5*p - 2 + 0 + 0. Determine j(3).
12
Let i be (0 + 2 - 1) + 0. Let k(j) be the first derivative of -j**4 - j**3/3 + j**2/2 - j - 13. What is k(i)?
-5
Let t(j) be the first derivative of 8 - 2*j + 3*j**2 + 1/3*j**3. Determine t(-5).
-7
Let v(s) = 2*s. Let u = 112 + -118. What is v(u)?
-12
Let h(d) = -4*d + 6. Let y be h(2). Suppose 5 = 4*b - 3. Let c(i) = -4*i + 4*i + i**b. Give c(y).
4
Let j(z) = 3*z**2 + 18*z - 3. Let c(a) = a**2 + 6*a - 1. Let o(p) = -8*c(p) + 3*j(p). Determine o(-7).
6
Let y(m) = m. Let v be y(2). Let o(u) = -v*u + 0 - 1 - 4 + u. Let i = -10 + 5. Give o(i).
0
Let w(q) = -q - 2. Let n be w(-4). Let m(d) = -n*d + 2*d - d - 4. Let j(x) = -2*x + 3. Let f be j(3). What is m(f)?
-1
Let h(t) = -t + 1. Let y = -1 - -3. Suppose -y*u - 8 = -6*u. Let z be u + -1*2 + -1. Determine h(z).
2
Let f(t) = 5*t - 37*t**2 + 22*t**2 + 14*t**2 + 1. Calculate f(4).
5
Let v(n) be the second derivative of -7*n**3/6 - n**2/2 + 3*n. What is v(-1)?
6
Let w(h) = h**2 + 5*h - 2. Let q(f) = 1. Let t(a) = q(a) - w(a). Let u be 1 - (2/2 + 6). What is t(u)?
-3
Let z be -1*(0 - (3 - 0)). Let f(g) = g + 0*g**2 + 4*g**2 + 2 - 3*g**2 - z. Let q(n) = 4*n**2 + 12*n - 12. Let u(v) = -5*f(v) + q(v). Determine u(5).
3
Let g(o) = 3*o - 4*o - 3 + 5. What is g(0)?
2
Let n(k) = -3*k**3 - 2*k**2 + 2*k. Let f be (33/15 + -3)*20/8. What is n(f)?
12
Let i(m) = m**2 - 2. Let g be (12 + -3)*(-4)/(-6). Suppose -3*k = -3*c, -c - 4*c = k - g. Suppose y - c = 1, 5*d + 8 = 4*y. Give i(d).
-2
Let k(f) = f**2 + 0 - 5*f**2 + 1. Suppose 2*r = 16 - 6. Suppose 4*b - 8 = -0*y - 2*y, -2*b - 8 = -r*y. Calculate k(b).
-3
Let v(u) = u + 8. Let k = 15 + -7. Let b be (-6)/k - (-1)/(-4). Let y be (-4)/12 - b/3. Determine v(y).
8
Suppose -2*g + 3*y = -5, 4*g = g + 2*y. Let i(k) be the third derivative of k**5/60 + k**4/12 + k**3/2 - 32*k**2. What is i(g)?
3
Let y(p) = -p**3 - 5*p**2 + 5*p - 8. Suppose 8 = 2*l + 20. Give y(l).
-2
Let z(l) = 3*l - 9. Let s(n) = -1. Let p(d) = 2*s(d) + z(d). Give p(10).
19
Let v(s) = -s**2 - 5*s - 1. Let u(h) = -h**2 - 4*h - 2. Let i(f) = 2*u(f) - 3*v(f). What is i(-6)?
-7
Let b(m) = 25*m - 1. Let x(f) = -73*f + 3. Let w(d) = -11*b(d) - 4*x(d). What is w(1)?
16
Let p(b) be the second derivative of b**5/20 + b**4/4 - b**3/3 + 5*b**2/2 + b. Let c = 258 + -262. Determine p(c).
-3
Suppose 0 = i - 6 - 0. Let x(r) = -r - 1. Let u(c) be the first derivative of -2*c**2 - 3*c - 1. Let o(h) = i*x(h) - 2*u(h). Determine o(-3).
-6
Suppose 9*i = 2*i - 14. Let q(t) = t - 1. Determine q(i).
-3
Let h(w) = -w + 3. Let a = 41 + -41. What is h(a)?
3
Let r(j) = -8*j**2 + j. Let w = 12 - 6. Suppose u - 2*u + 4*y = -13, -3*u - w = 3*y. What is r(u)?
-7
Suppose -3*t = q + 5, -2*q + 14 + 0 = -2*t. Let l(n) = -q*n - 1 + 0 - 5 + 1. Determine l(-4).
11
Let a = -84 + 77. Let u(c) = -c**2 - 9*c - 8. Give u(a).
6
Let r(h) be the second derivative of -h**3/2 - 2*h**2 + 25*h. Give r(-3).
5
Let r(y) be the first derivative of 2*y**3/3 - 2*y**2 + y - 7. What is r(3)?
7
Suppose -z + 15 = 2*z. Let t be (-3 + 6)/3 - 1. Let b(g) = t*g - g - 3 + 0 + 2. Calculate b(z).
-6
Let h = 8 - 4. Let l = 0 - h. Let r(g) = -g**2 - 5*g - 2. Determine r(l).
2
Let q(b) be the second derivative of -b**5/20 - 5*b**4/12 + 7*b**3/6 + 5*b**2/2 - 9*b. Calculate q(-6).
-1
Let c(z) be the first derivative of -z**4/4 - z**3 - 2*z**2 - 3*z + 1. Let y(q) = q**2 - 24*q + 93. Let d be y(19). Give c(d).